{"id":382,"date":"2023-08-06T22:25:38","date_gmt":"2023-08-07T03:25:38","guid":{"rendered":"https:\/\/aeronauticacolombiana.com\/?page_id=382"},"modified":"2023-08-07T17:11:13","modified_gmt":"2023-08-07T22:11:13","slug":"tienda-aeronautica","status":"publish","type":"page","link":"https:\/\/aeronauticacolombiana.com\/index.php\/tienda-aeronautica\/","title":{"rendered":"TIENDA AERONAUTICA"},"content":{"rendered":"\n<div class=\"wp-duotone-unset-1 wp-block-cover\"><span aria-hidden=\"true\" class=\"wp-block-cover__background has-background-dim-0 has-background-dim\"><\/span><img decoding=\"async\" width=\"2560\" height=\"1440\" class=\"wp-block-cover__image-background wp-image-428\" alt=\"\" src=\"https:\/\/aeronauticacolombiana.com\/wp-content\/uploads\/2023\/08\/DSC00218-scaled.jpg\" data-object-fit=\"cover\" srcset=\"https:\/\/aeronauticacolombiana.com\/wp-content\/uploads\/2023\/08\/DSC00218-scaled.jpg 2560w, https:\/\/aeronauticacolombiana.com\/wp-content\/uploads\/2023\/08\/DSC00218-300x169.jpg 300w, https:\/\/aeronauticacolombiana.com\/wp-content\/uploads\/2023\/08\/DSC00218-1024x576.jpg 1024w, https:\/\/aeronauticacolombiana.com\/wp-content\/uploads\/2023\/08\/DSC00218-768x432.jpg 768w, https:\/\/aeronauticacolombiana.com\/wp-content\/uploads\/2023\/08\/DSC00218-1536x864.jpg 1536w, https:\/\/aeronauticacolombiana.com\/wp-content\/uploads\/2023\/08\/DSC00218-2048x1152.jpg 2048w, https:\/\/aeronauticacolombiana.com\/wp-content\/uploads\/2023\/08\/DSC00218-800x450.jpg 800w, https:\/\/aeronauticacolombiana.com\/wp-content\/uploads\/2023\/08\/DSC00218-1320x743.jpg 1320w, https:\/\/aeronauticacolombiana.com\/wp-content\/uploads\/2023\/08\/DSC00218-600x338.jpg 600w\" sizes=\"(max-width: 2560px) 100vw, 2560px\" \/><div class=\"wp-block-cover__inner-container\">\n<p class=\"has-text-align-center has-white-color has-text-color has-x-large-font-size\" style=\"text-transform:uppercase\"><strong>Bienvenido a la tienda<\/strong><\/p>\n\n\n\n<p class=\"has-text-align-center has-white-color has-text-color has-large-font-size\">ELEVA TU ESTILO, CON LA PASION POR LA AVIACION<\/p>\n<\/div><\/div>\n\n\n\n<h2 class=\"wp-block-heading has-text-align-center\">COMPRAR POR CATEGORIA<\/h2>\n\n\n<div class=\"woocommerce columns-4\">\r\n<ul class=\"products oceanwp-row clr grid\">\r\n<li class=\"product-category product first col span_1_of_4\">\n\t<div class=\"product-inner clr\"><div class=\"woo-entry-image clr\"><a href=\"https:\/\/aeronauticacolombiana.com\/index.php\/product-category\/accesorios-aeronauticos\/\"><\/a><\/div><div class=\"woo-entry-inner clr\"><a href=\"https:\/\/aeronauticacolombiana.com\/index.php\/product-category\/accesorios-aeronauticos\/\"><\/a><div class=\"woo-desc\"><div class=\"description\">Explora nuestra emocionante categor\u00eda de accesorios aeron\u00e1uticos, donde encontrar\u00e1s llaveros, pulseras, tapetes, carcazas para celular y m\u00e1s, todos dise\u00f1ados para celebrar tu amor por la aviaci\u00f3n. Lleva contigo detalles \u00fanicos inspirados en el vuelo en cada aspecto de tu vida. Descubre AERONAUTICA COLOMBIANA y elige tus accesorios aeron\u00e1uticos favoritos.<\/div><\/div><\/div><\/div><\/li>\n<li class=\"product-category product col span_1_of_4\">\n\t<div class=\"product-inner clr\"><div class=\"woo-entry-image clr\"><a href=\"https:\/\/aeronauticacolombiana.com\/index.php\/product-category\/llaveros-aeronauticos\/\"><\/a><\/div><div class=\"woo-entry-inner clr\"><a href=\"https:\/\/aeronauticacolombiana.com\/index.php\/product-category\/llaveros-aeronauticos\/\"><\/a><div class=\"woo-desc\"><div class=\"description\">Explora nuestra exclusiva colecci\u00f3n de llaveros aeron\u00e1uticos dise\u00f1ados para los amantes de la aviaci\u00f3n. Desde aviones ic\u00f3nicos hasta detalles de instrumentos de vuelo, nuestros llaveros capturan la emoci\u00f3n y la maravilla del mundo aeron\u00e1utico. Descubre AERONAUTICA COLOMBIANA y encuentra el llavero perfecto para expresar tu amor por el vuelo.<\/div><\/div><\/div><\/div><\/li>\n<li class=\"product-category product col span_1_of_4\">\n\t<div class=\"product-inner clr\"><div class=\"woo-entry-image clr\"><a href=\"https:\/\/aeronauticacolombiana.com\/index.php\/product-category\/moda-aeronautica\/\"><\/a><\/div><div class=\"woo-entry-inner clr\"><a href=\"https:\/\/aeronauticacolombiana.com\/index.php\/product-category\/moda-aeronautica\/\"><\/a><div class=\"woo-desc\"><div class=\"description\">EXPLORA NUESTRA EMOCIONANTE MODA AERON\u00c1UTICA, DONDE ENCONTRAR\u00c1S CAMISETAS Y HOODIES CON DISE\u00d1OS EXCLUSIVOS QUE FUSIONA LA PASI\u00d3N POR LA AVIACI\u00d3N CON UN ESTILO MODERNO. DESDE CAMISETAS CON AVIONES EMBLEM\u00c1TICOS HASTA HOODIES CON MOTIVOS A\u00c9REOS CAUTIVADORES, NUESTRA COLECCI\u00d3N TE PERMITE LLEVAR LA EMOCI\u00d3N DEL VUELO A TU VESTUARIO. DESCUBRE M\u00c1S EN AERON\u00c1UTICA COLOMBIANA Y VUELA ALTO CON ESTILO.<\/div><\/div><\/div><\/div><\/li>\n<\/ul>\n<\/div>\n\n\n\n<h2 class=\"wp-block-heading has-text-align-center\">PRODUCTOS NUEVOS<\/h2>\n\n\n<div data-block-name=\"woocommerce\/product-new\" data-rows=\"2\" class=\"wc-block-grid wp-block-product-new wc-block-product-new has-3-columns has-multiple-rows\"><ul class=\"wc-block-grid__products\"><li class=\"wc-block-grid__product\">\n\t\t\t\t<a href=\"https:\/\/aeronauticacolombiana.com\/index.php\/product\/carcaza-celular-cabina-avion\/\" class=\"wc-block-grid__product-link\">\n\t\t\t\t\t<div class=\"wc-block-grid__product-image\"><img width=\"300\" height=\"300\" src=\"https:\/\/aeronauticacolombiana.com\/wp-content\/uploads\/2023\/08\/CARCAZA-300x300.png\" class=\"attachment-woocommerce_thumbnail size-woocommerce_thumbnail\" alt=\"Carcasas de Celular con Dise\u00f1os de Cabinas de Avi\u00f3n - Protege y Estiliza con Pasi\u00f3n por la Aviaci\u00f3n\" decoding=\"async\" srcset=\"https:\/\/aeronauticacolombiana.com\/wp-content\/uploads\/2023\/08\/CARCAZA-300x300.png 300w, https:\/\/aeronauticacolombiana.com\/wp-content\/uploads\/2023\/08\/CARCAZA-1024x1024.png 1024w, https:\/\/aeronauticacolombiana.com\/wp-content\/uploads\/2023\/08\/CARCAZA-150x150.png 150w, https:\/\/aeronauticacolombiana.com\/wp-content\/uploads\/2023\/08\/CARCAZA-768x768.png 768w, https:\/\/aeronauticacolombiana.com\/wp-content\/uploads\/2023\/08\/CARCAZA-600x600.png 600w, https:\/\/aeronauticacolombiana.com\/wp-content\/uploads\/2023\/08\/CARCAZA-100x100.png 100w, https:\/\/aeronauticacolombiana.com\/wp-content\/uploads\/2023\/08\/CARCAZA.png 1080w\" sizes=\"(max-width: 300px) 100vw, 300px\" \/><\/div>\n\t\t\t\t\t<div class=\"wc-block-grid__product-title\">CARCAZA CELULAR CABINA AVION<\/div>\n\t\t\t\t<\/a>\n\t\t\t\t\n\t\t\t\t<div class=\"wc-block-grid__product-price price\"><span class=\"woocommerce-Price-amount amount\"><span class=\"woocommerce-Price-currencySymbol\">&#036;<\/span>30,000<\/span><\/div>\n\t\t\t\t\n\t\t\t\t<div class=\"wp-block-button wc-block-grid__product-add-to-cart\"><a href=\"?add-to-cart=415\" aria-label=\"Add &ldquo;CARCAZA CELULAR CABINA AVION&rdquo; to your cart\" data-quantity=\"1\" data-product_id=\"415\" data-product_sku=\"\" rel=\"nofollow\" class=\"wp-block-button__link  add_to_cart_button ajax_add_to_cart\">Add to cart<\/a><\/div>\n\t\t\t<\/li><li class=\"wc-block-grid__product\">\n\t\t\t\t<a href=\"https:\/\/aeronauticacolombiana.com\/index.php\/product\/tapete-aeronautico\/\" class=\"wc-block-grid__product-link\">\n\t\t\t\t\t<div class=\"wc-block-grid__product-image\"><img width=\"300\" height=\"300\" src=\"https:\/\/aeronauticacolombiana.com\/wp-content\/uploads\/2023\/07\/tapete-300x300.png\" class=\"attachment-woocommerce_thumbnail size-woocommerce_thumbnail\" alt=\"Tapetes con Dise\u00f1os Aeron\u00e1uticos - Eleva tu Espacio con Toques de Aviaci\u00f3n\" decoding=\"async\" srcset=\"https:\/\/aeronauticacolombiana.com\/wp-content\/uploads\/2023\/07\/tapete-300x300.png 300w, https:\/\/aeronauticacolombiana.com\/wp-content\/uploads\/2023\/07\/tapete-150x150.png 150w, https:\/\/aeronauticacolombiana.com\/wp-content\/uploads\/2023\/07\/tapete-100x100.png 100w\" sizes=\"(max-width: 300px) 100vw, 300px\" \/><\/div>\n\t\t\t\t\t<div class=\"wc-block-grid__product-title\">TAPETE AERONAUTICO<\/div>\n\t\t\t\t<\/a>\n\t\t\t\t\n\t\t\t\t<div class=\"wc-block-grid__product-price price\"><span class=\"woocommerce-Price-amount amount\"><span class=\"woocommerce-Price-currencySymbol\">&#036;<\/span>80,000<\/span><\/div>\n\t\t\t\t\n\t\t\t\t<div class=\"wp-block-button wc-block-grid__product-add-to-cart\"><a href=\"?add-to-cart=406\" aria-label=\"Add &ldquo;TAPETE AERONAUTICO&rdquo; to your cart\" data-quantity=\"1\" data-product_id=\"406\" data-product_sku=\"\" rel=\"nofollow\" class=\"wp-block-button__link  add_to_cart_button ajax_add_to_cart\">Add to cart<\/a><\/div>\n\t\t\t<\/li><li class=\"wc-block-grid__product\">\n\t\t\t\t<a href=\"https:\/\/aeronauticacolombiana.com\/index.php\/product\/cobija-viajera-airbus\/\" class=\"wc-block-grid__product-link\">\n\t\t\t\t\t<div class=\"wc-block-grid__product-image\"><img width=\"300\" height=\"300\" src=\"https:\/\/aeronauticacolombiana.com\/wp-content\/uploads\/2023\/07\/cobija-airbus-300x300.png\" class=\"attachment-woocommerce_thumbnail size-woocommerce_thumbnail\" alt=\"Cobija Airbus - Calidez y Estilo Inspirados en la Aviaci\u00f3n\" decoding=\"async\" srcset=\"https:\/\/aeronauticacolombiana.com\/wp-content\/uploads\/2023\/07\/cobija-airbus-300x300.png 300w, https:\/\/aeronauticacolombiana.com\/wp-content\/uploads\/2023\/07\/cobija-airbus-150x150.png 150w, https:\/\/aeronauticacolombiana.com\/wp-content\/uploads\/2023\/07\/cobija-airbus-100x100.png 100w\" sizes=\"(max-width: 300px) 100vw, 300px\" \/><\/div>\n\t\t\t\t\t<div class=\"wc-block-grid__product-title\">COBIJA VIAJERA AIRBUS<\/div>\n\t\t\t\t<\/a>\n\t\t\t\t\n\t\t\t\t<div class=\"wc-block-grid__product-price price\"><span class=\"woocommerce-Price-amount amount\"><span class=\"woocommerce-Price-currencySymbol\">&#036;<\/span>80,000<\/span><\/div>\n\t\t\t\t\n\t\t\t\t<div class=\"wp-block-button wc-block-grid__product-add-to-cart\"><a href=\"?add-to-cart=398\" aria-label=\"Add &ldquo;COBIJA VIAJERA AIRBUS&rdquo; to your cart\" data-quantity=\"1\" data-product_id=\"398\" data-product_sku=\"\" rel=\"nofollow\" class=\"wp-block-button__link  add_to_cart_button ajax_add_to_cart\">Add to cart<\/a><\/div>\n\t\t\t<\/li><li class=\"wc-block-grid__product\">\n\t\t\t\t<a href=\"https:\/\/aeronauticacolombiana.com\/index.php\/product\/llavero-airbus-380\/\" class=\"wc-block-grid__product-link\">\n\t\t\t\t\t<div class=\"wc-block-grid__product-image\"><img width=\"300\" height=\"300\" src=\"https:\/\/aeronauticacolombiana.com\/wp-content\/uploads\/2023\/07\/llavero380-300x300.png\" class=\"attachment-woocommerce_thumbnail size-woocommerce_thumbnail\" alt=\"Llaveros Bordados Airbus A380 - Detalles de Aviaci\u00f3n de Alta Calidad\" decoding=\"async\" srcset=\"https:\/\/aeronauticacolombiana.com\/wp-content\/uploads\/2023\/07\/llavero380-300x300.png 300w, https:\/\/aeronauticacolombiana.com\/wp-content\/uploads\/2023\/07\/llavero380-150x150.png 150w, https:\/\/aeronauticacolombiana.com\/wp-content\/uploads\/2023\/07\/llavero380-100x100.png 100w\" sizes=\"(max-width: 300px) 100vw, 300px\" \/><\/div>\n\t\t\t\t\t<div class=\"wc-block-grid__product-title\">LLAVERO AIRBUS 380<\/div>\n\t\t\t\t<\/a>\n\t\t\t\t\n\t\t\t\t<div class=\"wc-block-grid__product-price price\"><span class=\"woocommerce-Price-amount amount\"><span class=\"woocommerce-Price-currencySymbol\">&#036;<\/span>25,000<\/span><\/div>\n\t\t\t\t\n\t\t\t\t<div class=\"wp-block-button wc-block-grid__product-add-to-cart\"><a href=\"?add-to-cart=395\" aria-label=\"Add &ldquo;LLAVERO AIRBUS 380&rdquo; to your cart\" data-quantity=\"1\" data-product_id=\"395\" data-product_sku=\"\" rel=\"nofollow\" class=\"wp-block-button__link  add_to_cart_button ajax_add_to_cart\">Add to cart<\/a><\/div>\n\t\t\t<\/li><li class=\"wc-block-grid__product\">\n\t\t\t\t<a href=\"https:\/\/aeronauticacolombiana.com\/index.php\/product\/hoodie-airbus-300-aerocondor-2\/\" class=\"wc-block-grid__product-link\">\n\t\t\t\t\t<div class=\"wc-block-grid__product-image\"><img width=\"300\" height=\"300\" src=\"https:\/\/aeronauticacolombiana.com\/wp-content\/uploads\/2023\/08\/31-300x300.png\" class=\"attachment-woocommerce_thumbnail size-woocommerce_thumbnail\" alt=\"Hoodie con Dise\u00f1o del Avi\u00f3n Airbus A300 de Aerol\u00ednea AeroCondor\" decoding=\"async\" srcset=\"https:\/\/aeronauticacolombiana.com\/wp-content\/uploads\/2023\/08\/31-300x300.png 300w, https:\/\/aeronauticacolombiana.com\/wp-content\/uploads\/2023\/08\/31-1024x1024.png 1024w, https:\/\/aeronauticacolombiana.com\/wp-content\/uploads\/2023\/08\/31-150x150.png 150w, https:\/\/aeronauticacolombiana.com\/wp-content\/uploads\/2023\/08\/31-768x768.png 768w, https:\/\/aeronauticacolombiana.com\/wp-content\/uploads\/2023\/08\/31-600x600.png 600w, https:\/\/aeronauticacolombiana.com\/wp-content\/uploads\/2023\/08\/31-100x100.png 100w, https:\/\/aeronauticacolombiana.com\/wp-content\/uploads\/2023\/08\/31.png 1080w\" sizes=\"(max-width: 300px) 100vw, 300px\" \/><\/div>\n\t\t\t\t\t<div class=\"wc-block-grid__product-title\">HOODIE AIRBUS 300 AEROCONDOR<\/div>\n\t\t\t\t<\/a>\n\t\t\t\t\n\t\t\t\t<div class=\"wc-block-grid__product-price price\"><span class=\"woocommerce-Price-amount amount\"><span class=\"woocommerce-Price-currencySymbol\">&#036;<\/span>100,000<\/span><\/div>\n\t\t\t\t\n\t\t\t\t<div class=\"wp-block-button wc-block-grid__product-add-to-cart\"><a href=\"https:\/\/aeronauticacolombiana.com\/index.php\/product\/hoodie-airbus-300-aerocondor-2\/\" aria-label=\"Select options for &ldquo;HOODIE AIRBUS 300 AEROCONDOR&rdquo;\" data-quantity=\"1\" data-product_id=\"338\" data-product_sku=\"\" rel=\"nofollow\" class=\"wp-block-button__link  add_to_cart_button\">Select options<\/a><\/div>\n\t\t\t<\/li><li class=\"wc-block-grid__product\">\n\t\t\t\t<a href=\"https:\/\/aeronauticacolombiana.com\/index.php\/product\/hoodie-airbus-300-aerocondor\/\" class=\"wc-block-grid__product-link\">\n\t\t\t\t\t<div class=\"wc-block-grid__product-image\"><img width=\"300\" height=\"300\" src=\"https:\/\/aeronauticacolombiana.com\/wp-content\/uploads\/2023\/08\/32-300x300.png\" class=\"attachment-woocommerce_thumbnail size-woocommerce_thumbnail\" alt=\"Hoodie con Dise\u00f1o del Avi\u00f3n Twin Otter de Aerol\u00ednea ACES\" decoding=\"async\" srcset=\"https:\/\/aeronauticacolombiana.com\/wp-content\/uploads\/2023\/08\/32-300x300.png 300w, https:\/\/aeronauticacolombiana.com\/wp-content\/uploads\/2023\/08\/32-1024x1024.png 1024w, https:\/\/aeronauticacolombiana.com\/wp-content\/uploads\/2023\/08\/32-150x150.png 150w, https:\/\/aeronauticacolombiana.com\/wp-content\/uploads\/2023\/08\/32-768x768.png 768w, https:\/\/aeronauticacolombiana.com\/wp-content\/uploads\/2023\/08\/32-600x600.png 600w, https:\/\/aeronauticacolombiana.com\/wp-content\/uploads\/2023\/08\/32-100x100.png 100w, https:\/\/aeronauticacolombiana.com\/wp-content\/uploads\/2023\/08\/32.png 1080w\" sizes=\"(max-width: 300px) 100vw, 300px\" \/><\/div>\n\t\t\t\t\t<div class=\"wc-block-grid__product-title\">HOODIE TWIN OTTER ACES<\/div>\n\t\t\t\t<\/a>\n\t\t\t\t\n\t\t\t\t<div class=\"wc-block-grid__product-price price\"><span class=\"woocommerce-Price-amount amount\"><span class=\"woocommerce-Price-currencySymbol\">&#036;<\/span>100,000<\/span><\/div>\n\t\t\t\t\n\t\t\t\t<div class=\"wp-block-button wc-block-grid__product-add-to-cart\"><a href=\"https:\/\/aeronauticacolombiana.com\/index.php\/product\/hoodie-airbus-300-aerocondor\/\" aria-label=\"Select options for &ldquo;HOODIE TWIN OTTER ACES&rdquo;\" data-quantity=\"1\" data-product_id=\"330\" data-product_sku=\"\" rel=\"nofollow\" class=\"wp-block-button__link  add_to_cart_button\">Select options<\/a><\/div>\n\t\t\t<\/li><\/ul><\/div>","protected":false},"excerpt":{"rendered":"<p>COMPRAR POR CATEGORIA PRODUCTOS NUEVOS<\/p>\n","protected":false},"author":1,"featured_media":0,"parent":0,"menu_order":0,"comment_status":"closed","ping_status":"closed","template":"","meta":{"om_disable_all_campaigns":false,"_monsterinsights_skip_tracking":false,"_monsterinsights_sitenote_active":false,"_monsterinsights_sitenote_note":"","_monsterinsights_sitenote_category":0,"_joinchat":[]},"aioseo_notices":[],"_links":{"self":[{"href":"https:\/\/aeronauticacolombiana.com\/index.php\/wp-json\/wp\/v2\/pages\/382"}],"collection":[{"href":"https:\/\/aeronauticacolombiana.com\/index.php\/wp-json\/wp\/v2\/pages"}],"about":[{"href":"https:\/\/aeronauticacolombiana.com\/index.php\/wp-json\/wp\/v2\/types\/page"}],"author":[{"embeddable":true,"href":"https:\/\/aeronauticacolombiana.com\/index.php\/wp-json\/wp\/v2\/users\/1"}],"replies":[{"embeddable":true,"href":"https:\/\/aeronauticacolombiana.com\/index.php\/wp-json\/wp\/v2\/comments?post=382"}],"version-history":[{"count":10,"href":"https:\/\/aeronauticacolombiana.com\/index.php\/wp-json\/wp\/v2\/pages\/382\/revisions"}],"predecessor-version":[{"id":431,"href":"https:\/\/aeronauticacolombiana.com\/index.php\/wp-json\/wp\/v2\/pages\/382\/revisions\/431"}],"wp:attachment":[{"href":"https:\/\/aeronauticacolombiana.com\/index.php\/wp-json\/wp\/v2\/media?parent=382"}],"curies":[{"name":"wp","href":"https:\/\/api.w.org\/{rel}","templated":true}]}}